e (2 - 1)/((-2)/4) + 6. Suppose 3*z + 4856 = 5*n - 2862, -g*z = 4*n - a. Is n a composite number?
False
Suppose -24*i + 1226268 = -2457228. Is i a prime number?
False
Suppose 5*c - 2 + 22 = -u, 4*u - 30 = 2*c. Suppose u*y - 22664 = -3*y. Is y a composite number?
False
Let k be (4 + (-1 - 33))/(-1). Suppose -2*g - k = -0*g + 5*d, -3*g - 23 = 2*d. Is (-1402)/(-5)*g/(-2) prime?
True
Suppose -16967 = -f - 4*p, 8*p = 2*f + 3*p - 33986. Suppose f = -7*h + 49232. Is h a prime number?
False
Let l be ((-5)/2)/(80/(-64)). Suppose -l*u = -5*u + 2217. Is u a composite number?
False
Let k = 35055 - 11374. Suppose 4*w - 11*b - k = -16*b, w - 5924 = -5*b. Is w prime?
False
Suppose 4*q = 2*z + 1 - 5, 0 = -2*z + 5*q + 7. Let k be (-142)/(-4)*3*(z - 2). Let o = -440 - k. Is o a composite number?
False
Let m(l) = -7*l**2 + 26*l + 35. Let w(v) = -9*v**2 + 25*v + 35. Let o(f) = 3*m(f) - 4*w(f). Is o(32) a composite number?
False
Suppose 5*g - 54779 = -2*y, -2*g - 93608 = -3*y - 11411. Is y prime?
True
Suppose 2*u - 61220 = -3*b + 10845, -5*u = -b + 24067. Is b prime?
False
Suppose 59*n = 122*n - 78*n + 1121385. Is n a prime number?
True
Is (1047597/6)/((-3)/(-12)) a composite number?
True
Let s(p) = 4059*p**2 + 129*p - 707. Is s(6) a composite number?
False
Let n(m) = 44562*m + 557. Is n(2) composite?
False
Suppose 5*w + 5*r - 20 = 0, 39*w + 10 = 43*w - 2*r. Is (2/w)/(1/(25371/6)) a prime number?
True
Let m(d) = -3*d**3 - 167*d**2 + 59*d + 83. Let i be m(-56). Suppose 0*x + 750 = 5*x. Let q = x + i. Is q prime?
False
Suppose 8*c - 29 - 3 = 0. Suppose -u - 115037 = -16*y + 11*y, 4*y - 92020 = -c*u. Is y a prime number?
False
Let o be (1 - (1 - -1))/(57/(-114)). Suppose -n - o = 19. Is (n/6)/((-5)/1030) prime?
False
Suppose 20*u + 22*u + 4*u = 3336518. Is u prime?
True
Suppose 69328 = 54*u - 113030. Is u prime?
False
Let r = 3322 - 6314. Let d = -13600 - -19045. Let f = d + r. Is f composite?
True
Suppose -5*h + h = 26360. Suppose -5*l + 52645 = -5*t, 4*l = 3*t + 10725 + 20858. Let j = h - t. Is j a prime number?
True
Let b = 14191 - 6744. Let h be 16 + -3 + 0 + 0. Suppose -h*n = -2*n - b. Is n a composite number?
False
Let x = -117339 - -557000. Is x a prime number?
True
Let y(b) = b**3 + b - 47. Let x be y(0). Let q = 52 + x. Suppose 3*z + q = -1, 3*v - 3*z - 2235 = 0. Is v prime?
True
Suppose -2*n - 2*n - 2*l + 29296 = 0, l + 36599 = 5*n. Is n a prime number?
True
Suppose n - 5*n - 4*s = -5944, -n + 3*s + 1498 = 0. Let m = n + 451. Suppose -30*o = -34*o + m. Is o a composite number?
True
Let z(b) = 2743*b - 2409. Is z(12) a composite number?
True
Suppose -2*k + 3*a + 258730 = 0, 517452 = 4*k + 670*a - 674*a. Is k a prime number?
False
Let r = 9 + -4. Suppose -3*a - 1760 = -r*a. Let n = a + -173. Is n a composite number?
True
Suppose 3*p - 5 = 2*p. Is (-2)/p + (-48393)/(-95) composite?
False
Suppose -13 - 563 = -4*o. Let l(w) = o*w - 30 - 26*w + 60*w + 5. Is l(2) a prime number?
True
Suppose 0 = -3*d + d - k + 2, -d + 3*k + 15 = 0. Suppose v - 3 = 0, -v - 15048 = -d*t + 4*v. Is t prime?
True
Let f = 2197 - 6225. Let p = f + 5853. Let k = -726 + p. Is k composite?
True
Let z(y) be the second derivative of y**5/20 - 37*y**4/12 + 28*y**3/3 - 27*y**2/2 - 80*y. Is z(38) a composite number?
True
Suppose -2*b + 224*z + 14912 = 222*z, 4*b - 3*z - 29821 = 0. Is b prime?
False
Suppose 5*f - 4278 = -2*b, 0 = 5*b + 15*f - 14*f - 10741. Is b a composite number?
True
Suppose w = 2*w - k - 700484, 2101450 = 3*w - k. Is w composite?
True
Let r = 417315 + -22226. Is r composite?
False
Let n(i) = 20*i + 39. Suppose 0 = -3*w - 2*a + 24 + 27, -3*a = 5*w - 84. Is n(w) prime?
False
Suppose -6*b = -2*b - 104540. Suppose -b = -5*o - 2*u + u, -5*o = 2*u - 26135. Is o composite?
False
Let f be 1/((-18)/(-4)) + (-71485)/(-9). Let g = f + 2358. Is g prime?
True
Suppose 158875 = 24*o - 175373. Is o a composite number?
True
Let x = -15 + 45. Suppose -69*q - 48 = -65*q. Is (-267)/(-5) + q/x a prime number?
True
Let h(r) = -r**2 + 40*r - 9. Let c be 5/((-10)/118) + (4 - 1). Let l = -39 - c. Is h(l) a prime number?
False
Let h(f) = 53*f**2 + 36*f + 11. Let o = -92 + 100. Is h(o) composite?
False
Let u = -109 - -117. Is (-2 - (5 - u))*6959 a composite number?
False
Is 3*-7*499305/(-315) a prime number?
True
Let m be 6/(-8)*(0 + -4). Suppose 84671 = 4*a + 7*b - 6*b, -a + 21184 = -m*b. Is a composite?
False
Suppose -3*n - 4*s + 4 + 22 = 0, 3 = 4*n - s. Suppose -10174 = -4*z - 2*x, 4*x + 12724 = 7*z - n*z. Suppose -7*i = -12583 - z. Is i a prime number?
True
Is ((-56939)/(-4))/(-2*(-7)/56) prime?
False
Let l(m) = 85*m - 131. Let g(p) = -86*p + 133. Let w(t) = -5*g(t) - 4*l(t). Is w(19) a prime number?
False
Suppose -w + 0*w = -l + 87, 0 = -4*l + 3*w + 349. Let d = 82 - l. Is ((-10)/(160/24))/(d/764) prime?
True
Let u = 39 - 30. Suppose -3*i = -0*i - u. Suppose 5*y = d - i*d + 598, 0 = 2*y. Is d a prime number?
False
Let k = 2243190 + -1340023. Is k a composite number?
True
Is (-107239*1*-2)/(-170 - -172) a composite number?
True
Suppose 30 = 6*v - 4*v + 3*t, 4*t + 8 = 0. Let z(p) = 4127*p - 313. Is z(v) a prime number?
True
Let x(t) = -300021*t**3 - t**2 - 13*t - 14. Is x(-1) prime?
False
Is 788993/(40/(8 - 3) + 0 + -7) composite?
False
Let r(k) be the third derivative of 19*k**5/10 - k**4/2 - 17*k**3/6 + 3*k**2. Let b be r(-7). Let l = -3752 + b. Is l a prime number?
True
Let g = -4531 - -7175. Suppose 4*l - 40 + 24 = 0. Suppose -4*v - l*m + 1997 = -99, -5*v + 3*m = -g. Is v a prime number?
False
Suppose 167309 - 27964 = -29*d. Let y = 11566 + d. Is y composite?
False
Suppose -28 = -5*t - 8. Suppose -5*s - 185 = 2*f, 6*s = t*f + s + 415. Let n = f - -315. Is n prime?
False
Let p = -48203 + 212674. Is p prime?
True
Let x(i) = 4*i + 2. Let g(c) = -7*c - 4. Let q(a) = -3*g(a) - 5*x(a). Let b be q(-6). Is (5 - 486)*(b + 3) a prime number?
False
Suppose -5*f - 4 = 6, 4*f - 68 = -4*v. Suppose -3*a - v = -2*d, d + d = -3*a + 25. Suppose 0 = 2*z + s - d, 10 = 2*s - 0*s. Is z a prime number?
True
Suppose 2*s + 16*b - 5594 = 17*b, -3*s - b + 8386 = 0. Suppose 10*r - 2174 - s = 0. Is r a prime number?
False
Let h(w) = 187*w**3 - 3*w**2 - w + 2. Let j = 179 + -263. Let r be -3*4/j + 12/14. Is h(r) a prime number?
False
Let x = 4393497 + -2035494. Is x a composite number?
True
Suppose 114*d = 127*d - 1207895. Is d a prime number?
False
Let s(m) = -m**2 - 38*m + 98. Suppose -782 = 18*i - 260. Let j be s(i). Suppose -178 = -3*y + j. Is y a prime number?
True
Is (1 - -1)*1 + 3/(-6)*-491170 a composite number?
False
Let r(d) = 7*d**3 + d**2 - 12*d + 5. Let u = -20 - -15. Let i(t) = -7*t**3 - t**2 + 11*t - 4. Let l(z) = u*r(z) - 6*i(z). Is l(3) prime?
True
Let v(l) = 80*l**2 - 8*l - 769. Is v(-38) a composite number?
True
Suppose 21*a - 76334 = -9*a + 106216. Is a a composite number?
True
Let y = -103972 + 40104. Let c be (y/8)/7*-2. Suppose -c - 6514 = -5*s. Is s prime?
True
Let u = 97 + -59. Let v = 65 - u. Suppose 25*n = v*n - 2722. Is n a composite number?
False
Let j be -2 + -2*(-5 + 3). Suppose 0 = 5*u - 3*d - 100111, -40*u + 41*u - j*d - 20025 = 0. Is u prime?
True
Let h = 2514 - 2077. Is h a composite number?
True
Let y = -1122 + 2734. Suppose 3*j = -4*m + 1592, -4*m + 4*j - 2*j + y = 0. Is m a prime number?
True
Let u be (0 + 1)*((-18)/(-2) - 9). Suppose d + s - 2951 = u, 3279 + 2635 = 2*d - 4*s. Is d composite?
False
Let n be (54/72)/(6/40). Suppose -3*f + 52008 = 3*x, -n*f + 11268 = -3*x - 75428. Is f prime?
False
Let q be (-20)/24 - (158790/(-36) + 4). Let w = 2031 + q. Is w prime?
False
Let a(g) = -g**3 - g. Let b(i) = -i**3 + 28*i**2 - 13*i + 3. Let h(v) = -4*a(v) - b(v). Is h(17) prime?
True
Let g be -6*8/(-32)*(-1160)/6. Let u = g + 691. Is u a prime number?
True
Suppose 3*u - 5 = -2*u. Suppose -13*l + 16*l - 5*f - 1331 = 0, 4*f + 1333 = 3*l. Is u + -5 + 1 + l/3 a composite number?
True
Suppose -60 - 20 = -z. Suppose 9*w = 4*w + z. Is (-1)/((-4)/12) - w/(-1) prime?
True
Let z(s) = -s**2 + 5*s - 4. Let w be z(2). Suppose -5*p = b + w*b - 23759, p - 4741 = 3*b. Let y = p + -453. Is y a composite number?
False
Suppose 0*t - 3*t - 12 = 0, k - 12 = 3*t. Suppose k*u + u + s - 1213 = 0, 3*u - 3643 = -2*s. Is u composite?
False
Suppose 2*q - o = -5*o + 6, -43 = 4*q - 3*o. Let z be (-7)/(147/60)*q. Suppos